q + 7, -12 = -4*q. Let l = 7 + -4. Suppose 4*v - 3*m = 39, f*m + l*m + 49 = 4*v. What are the prime factors of v?
2, 3
Let p(m) = m**2 + 4*m + 2. Let z be p(-4). What are the prime factors of (z/4)/((-3)/(-60))?
2, 5
Suppose -4*w = -864 - 56. What are the prime factors of w?
2, 5, 23
Let o(v) be the third derivative of v**5/20 + v**4/24 + v**3/3 - 4*v**2. List the prime factors of o(3).
2
Let k be (9/2)/(7/(-14)). Let f(q) = q - 1. Let v be f(k). Let p = 27 + v. List the prime factors of p.
17
Suppose 0 = 4*q - 10 - 30. Suppose -7*y + 5*y + q = 0. What are the prime factors of y?
5
Suppose 2*x = 5*t + 139, 0 = 3*x + 4*t + 48 - 291. What are the prime factors of x?
7, 11
Suppose -3*k = 9, 4*k = -5*q - 78 - 9. List the prime factors of (-72)/30*q/6.
2, 3
Let j(t) = t**2 - 3*t. Let a(s) = s**3 + 5*s**2 - 8*s - 8. Let q be a(-6). Let l be j(q). Suppose 4 - 20 = -l*r. What are the prime factors of r?
2
Suppose 2*q + q = 60. List the prime factors of q.
2, 5
Let g(n) = -n**2 + 6*n + 2. Let r be g(6). Let k(m) = r*m + 9 - 9 - m. List the prime factors of k(6).
2, 3
Let g(u) be the first derivative of -2*u + 2/3*u**3 + 1/4*u**4 - 1 - u**2. List the prime factors of g(-2).
2
What are the prime factors of (121 - 15) + (-2)/(-1)?
2, 3
Let d(o) = 2*o**2 + 2*o - 5. Let g be d(0). Let c(x) = -3 - 10*x + x**2 + 2*x**2 - 4*x**2. List the prime factors of c(g).
2, 11
Let w(v) = -v**3 + 14*v**2 + 3*v + 3. Let b be w(14). Suppose 3*p + 9 = b. List the prime factors of p.
2, 3
Let o(t) = 1 - 5 + 5*t - t. What are the prime factors of o(2)?
2
Let k be ((-2)/4)/((-2)/16). Suppose k*s - 5 = 11. What are the prime factors of s?
2
Suppose 0 = -5*x - 3*w + 796, x + 489 = 4*x - 2*w. List the prime factors of x.
7, 23
Let f be 2*(2 + -2 + 1). Suppose -6 = -4*g + f. What are the prime factors of g?
2
Let d(a) = 2*a - 8. Let x be d(5). Suppose -2*l - l = -21. Suppose 17 = x*r + l. What are the prime factors of r?
5
Suppose 0 = 33*n - 25*n - 336. List the prime factors of n.
2, 3, 7
Suppose 2*s - 4*m + 26 = -s, -s - m - 4 = 0. Let k(z) = z**2 + 2*z - 1. What are the prime factors of k(s)?
23
Let u be 2 + (-2 - -2)/(-3). Let n be (-15)/(-2)*12/(-15). What are the prime factors of n + 7 + (u - 1)?
2
Let l(c) = -c**3 + 12*c**2 - 4*c + 2. Let a be l(8). List the prime factors of (-8)/(-20) - a/(-10).
23
Let i(h) be the second derivative of 5*h**3/6 + h. Let o be i(-1). Let d = o + 11. What are the prime factors of d?
2, 3
Suppose -4*y - 2 = -h, 5*y - 9 + 22 = -4*h. Let q be (-2 - -2) + 12 + h. Suppose a - q = -0*a. What are the prime factors of a?
2, 5
Suppose -2*n = -0*n. Let m = 2 + n. What are the prime factors of m?
2
Let o(s) = 2*s**3 - 13*s**2 + 12*s + 8. List the prime factors of o(8).
2, 37
Suppose -37 + 87 = 4*i - 2*g, -2*g + 49 = 5*i. What are the prime factors of i?
11
List the prime factors of 10846/102 + (-2)/(-3).
107
Let f = -56 + 112. List the prime factors of f.
2, 7
Let v(i) = 11 + 5*i - i - 3*i - 3*i. What are the prime factors of v(-9)?
29
Let s(a) be the third derivative of a**5/60 - 7*a**4/24 - a**3/6 - 3*a**2. List the prime factors of s(8).
7
Let v(x) = -x + 16. Let l be v(13). Let n = 16 - l. What are the prime factors of n?
13
Let t(v) = v**3 + 5*v**2 - 3*v + 1. List the prime factors of t(-3).
2, 7
Let k = 4 + -17. What are the prime factors of k/((4/2)/(-2))?
13
Let o(h) = 27*h - 5. List the prime factors of o(3).
2, 19
Suppose 3*v = 4*h + 14, 4*v - 2*v = 5*h + 7. List the prime factors of v/(-33) + 290/22.
13
Suppose -13 = -3*q + 35. What are the prime factors of q?
2
Let r(c) = -c**2 - 3*c + 2. Let i be r(-3). Let w be ((-3)/i - -1)*0. Suppose -4*m = 4*u - 9 + 1, 3*u = w. What are the prime factors of m?
2
Suppose 4*g = -5 - 7, -3*i = 3*g - 6. Let n = i + -3. Suppose 5*s = -3*k + 41 + 4, -n*k = -3*s + 46. What are the prime factors of s?
2, 3
What are the prime factors of (-1)/(-2*4/48)?
2, 3
Let q be (-3 - 1) + 1 - -13. Let x = -8 + q. Let c = x - -3. List the prime factors of c.
5
Suppose -2*n - 12 = -b - 0*n, -4*b + 2*n = -66. Suppose 4*x = -2 + b, 2*o - 34 = -5*x. What are the prime factors of o?
7
Let b(v) = -7*v + 17. Let k(i) be the third derivative of i**4/8 - 4*i**3/3 + i**2. Let m(n) = -2*b(n) - 5*k(n). List the prime factors of m(3).
3
Let c(v) = -4*v**3 - 5*v**2 - 4*v + 1. Let s be c(-3). Suppose 0 = -3*k - k + s. What are the prime factors of k?
19
Let s = -3 + 8. Suppose 3*h + 3*t = 6*t, 0 = s*h + 3*t - 16. Suppose -17 = -h*m + 15. What are the prime factors of m?
2
Let b = 33 + -21. List the prime factors of b.
2, 3
Suppose -3*f = 5*y - 4, f - 3*f = -y - 7. Let g(b) = b**2 + 4*b - 4. List the prime factors of g(f).
17
Suppose -4*z + z - 2*h + 14 = 0, 5*z = h + 19. Suppose 4*x + 2*f - 159 = 5*f, z*x = 2*f + 162. What are the prime factors of x?
2, 3, 7
Suppose 4*c + 5*k - 175 = 0, 0 = c - 2*k + k - 46. List the prime factors of c.
3, 5
Suppose -248 = -8*x + 1056. List the prime factors of x.
163
Let o = -31 + 60. What are the prime factors of o?
29
What are the prime factors of 41 - 9 - (5 + -1)?
2, 7
Suppose -p = 2*r + 3*p - 16, 0 = -2*r - 5*p + 19. What are the prime factors of r*1 + 6 + -3?
5
Let r = 497 - 339. List the prime factors of r.
2, 79
Suppose 8 = j - 32. Suppose -l - l = -j. Suppose -3*b + 3*f = -30, 2*b - 4*f = -0*b + l. What are the prime factors of b?
2, 5
Let h(l) = -l**3 - 7*l**2 - 8*l - 6. Let s = 3 + 1. Suppose -u = s*u + 30. What are the prime factors of h(u)?
2, 3
Let a be ((-2)/(-5))/((-2)/(-20)). Suppose -t = a*t - 20. Suppose -q = t*q - 80. List the prime factors of q.
2
Let r be (-15)/(-2)*40/12. Suppose -2*c = a + 2 - r, 4*a = c + 65. What are the prime factors of a?
17
Suppose -72 = -5*y + 28. What are the prime factors of y?
2, 5
Let m(r) = 2*r - 11. Suppose 37 = 4*h + 5. Let a be m(h). Suppose 6 = -2*i - 4*v, -i - a*v - 13 = -1. List the prime factors of i.
3
Let n(c) = c**3 - 10*c**2 - 2*c - 13. What are the prime factors of n(12)?
251
Suppose 4*b + 3*n - 107 = 2*n, -3*b = -n - 89. Let z be (-7 + 4 - -3) + (-20)/(-4). Suppose -z*w + b = c + 9, -22 = -2*w - 4*c. What are the prime factors of w?
3
Suppose -j = 13 - 38. Suppose 0 = 6*i - 11*i + j. List the prime factors of i.
5
Let p be 1 - -3*(-8)/(-6). Suppose 19 + 16 = p*d. List the prime factors of d.
7
Let k = 5 + -6. Let q be (8/6 + k)*9. Suppose 15 = 2*x + q*x. What are the prime factors of x?
3
Let b = 147 + -102. What are the prime factors of b?
3, 5
Suppose -5*u + 33 = 8. Suppose 0 = 3*v + 2*a - 103, v - 6 = -0*v + u*a. What are the prime factors of v?
31
Suppose 2*f + f = 93. List the prime factors of f.
31
Suppose -2*g = 3*g - 2*a - 1189, -1198 = -5*g - a. What are the prime factors of g?
239
Let l = 3 - -1. Suppose 0 = m - 2, 3*u = l*u - 5*m + 1. Let t = u + -5. What are the prime factors of t?
2
Suppose 0 = t - 7 - 39. Suppose 10 = 2*i - t. What are the prime factors of i?
2, 7
Suppose 7*t - 4*t = -12. List the prime factors of (-33)/t - (-3)/(-12).
2
Let m be 309/21 + (-2)/(-7). Let k = 21 - m. Suppose 2 = 2*n - k. List the prime factors of n.
2
Let n = 12 + -20. Let p(m) = -m**3 - 8*m**2 + 5. Let x be p(n). Suppose 0 = -8*j + 3*j + 2*q + 71, x*j - 74 = 3*q. What are the prime factors of j?
13
Let i(a) = -a - 3. Let g be i(-6). Suppose 588 = 4*n - 3*m, 4*n + g*m - 342 - 270 = 0. What are the prime factors of (-2)/(-7) + n/14?
11
Suppose 0 = -3*q + 4*q + 8. Let o = q + 14. What are the prime factors of o?
2, 3
Suppose -2*a = -17 - 19. List the prime factors of a.
2, 3
Let r = 25 + -8. Let y = r - -10. What are the prime factors of y?
3
Let y be 3/9 - 156/9. Let m = y - -26. List the prime factors of m.
3
Let g = -97 + 136. What are the prime factors of g?
3, 13
Suppose 5*m = m + 92. Suppose -3*g - 4*k + m = 0, -4*g - 4*k + 7*k + 14 = 0. What are the prime factors of g?
5
Let l(z) = z**3 - 2*z**2 + 4*z - 3. Let x = -13 + 16. What are the prime factors of l(x)?
2, 3
Let k = -6 + 9. Let a be ((-4)/(-6))/((-2)/(-33)). Suppose k*n = a - 2. What are the prime factors of n?
3
Let v = -17 - -24. List the prime factors of -3 + 1 + (v - -30).
5, 7
Suppose 3*c - 5*c = 76. List the prime factors of (-1)/(2/c) - 2.
17
Suppose 2*i = 11 + 53. List the prime factors of i.
2
Let x(r) be the second derivative of r**3/6 - r**2 - 4*r. Let b be x(7). Let c =